of s and 6?
6
Suppose 3*t - 844 = 344. Suppose 4*p = -0*p + 144. Calculate the highest common divisor of p and t.
36
Let q(l) = 4*l + 4*l**2 - 1 + l - 6*l. Let t be q(1). Suppose 0 = -t*s + 5*s - 3. Calculate the greatest common factor of s and 9.
1
Suppose 252 - 62 = 10*r. Calculate the highest common divisor of 95 and r.
19
Suppose 2*c + 2*h = 7*h + 242, 5*c - 572 = -4*h. What is the highest common divisor of c and 725?
29
Let f(r) = 5*r. Let o be f(1). Suppose -o*q + 25 = -0. What is the greatest common factor of 1 and q?
1
Let f = 31 + -16. Let d = -5 + f. Suppose -4*i + 5 - 99 = -3*o, -i - 91 = -3*o. What is the highest common divisor of o and d?
10
Let u be (-4)/(-16) - ((-11)/4 - 1). Suppose u*n = -2*n + 42. Let t be 3/(-1)*28/(-6). Calculate the greatest common divisor of n and t.
7
Let k(p) = -2*p**3 - 4*p**2 + 8*p + 6. Let z be k(-5). What is the greatest common factor of z and 145?
29
Suppose -2*g + 236 = -46. Calculate the highest common factor of 3 and g.
3
Suppose 15 = 17*u - 87. Let x(d) = -d**2 - 8*d + 3. Let n be x(-6). Let s = 81 - n. Calculate the greatest common divisor of u and s.
6
Let l = 98 - 22. Suppose -f - 46 = -l. Let p = 5 - -5. What is the greatest common divisor of f and p?
10
Let f(q) = -3*q**3 + 2*q**2 + 6*q + 2. Let k be f(-2). Calculate the greatest common divisor of k and 66.
22
Let q(w) = 2*w**2 - 15*w. Let u be q(10). Let t = u + -38. What is the greatest common factor of 108 and t?
12
Let u(p) = 35*p**2 - p + 216. Let j be u(0). What is the greatest common factor of 32 and j?
8
Suppose 0 = 17*k - 7*k - 980. What is the highest common divisor of k and 3038?
98
Let o(h) = h**3 - h**2 - 9*h + 4. Let p be o(6). Let z(d) = d**3. Let n be z(1). Suppose 27 = u + n. Calculate the highest common divisor of p and u.
26
Let f(h) = -h**3 - 7*h**2 + 2. Let t(d) = d**3 - 3*d**2 - 5*d - 3. Let b be t(4). Let o be f(b). What is the highest common divisor of 24 and o?
2
Suppose -49*p + 53*p - 44 = 0. Suppose -16 = -3*a - 1. Let v(r) = -r**3 + 4*r**2 + 6*r - 4. Let m be v(a). Calculate the highest common factor of m and p.
1
Let o(p) = p**2 - 4*p - 11. Let q be o(8). What is the greatest common divisor of 7 and q?
7
Let z(m) = -m**2 - 34*m - 41. Let h be z(-32). Calculate the greatest common factor of h and 23.
23
Suppose -2*l - a - 9 = 2, -2*a - 26 = 5*l. Let z be ((-24)/20)/(l/10). Suppose 0 = z*p - 2*p - 44. Calculate the highest common factor of 11 and p.
11
Let y(h) be the third derivative of h**4/2 + 2*h**3/3 + 7*h**2. Let o be y(-3). Let c be (-125)/(-10)*o/(-10). Calculate the greatest common factor of 10 and c.
10
Suppose -2*y = 5*m + 12, -4*y + m - 2*m + 12 = 0. Suppose -4*k + y*f + 36 = 0, -2*f - 57 = -5*k - 3*f. Calculate the greatest common factor of 121 and k.
11
Suppose -195 = -0*y - 3*y. Suppose 2*z + 8 = 0, -d + y = -z - 80. What is the highest common factor of 94 and d?
47
Let h(o) = o**2 + 3*o - 9. Let j be h(-10). Let r = 196 - j. Suppose -s + 6*s = -5*m + r, 17 = m + 3*s. Calculate the highest common factor of m and 80.
16
Let q = -1187 - -2992. Calculate the highest common divisor of q and 95.
95
Let w = 163 - 50. Let s = w - -8. Let a be 308/(-42)*9/(-6). What is the greatest common factor of s and a?
11
Let r = 759 - 395. What is the highest common divisor of 208 and r?
52
Suppose -21*w + 1213 = -866. Calculate the highest common divisor of w and 66.
33
Let t(f) = 72*f**3 + 2*f**2 - 1. Let y be t(1). Suppose 5*m - 4*p - 68 = 2*m, -5*p - y = -3*m. Calculate the greatest common factor of m and 48.
16
Let t be (-20)/(-4 - -3) + -2. Let c(h) = 2*h**2 - 2*h**2 + 5*h - h**2 - 2. Let i be c(4). Calculate the greatest common factor of i and t.
2
Let c(g) = 36*g + 414. Let m be c(-9). Calculate the highest common factor of m and 10.
10
Suppose 30*r = 64 + 1856. Calculate the highest common factor of r and 1184.
32
Let y(i) = 11*i + 130 - 14*i - 10. Let u be y(0). What is the greatest common divisor of 15 and u?
15
Let d = -523 + 574. What is the highest common factor of d and 136?
17
Let p = 9 - 2. Suppose -4*n = -p - 25. Calculate the highest common factor of 56 and n.
8
Let z(v) = -v**2 + v - 1. Let q(j) = j**2 - 9*j - 5. Let l(i) = -q(i) - 3*z(i). Let w be l(-4). Calculate the highest common divisor of w and 32.
16
Let j = 4323 + -4266. Let a(f) = f**3 + f**2 - 1. Let i be a(0). Let t be (17 - (i - -1)) + 2. Calculate the highest common factor of j and t.
19
Suppose 2*m + 3*m = 5*v + 435, -5*v = -4*m + 344. What is the greatest common divisor of m and 26?
13
Suppose 314 = 67*w - 1696. What is the greatest common factor of 330 and w?
30
Suppose x = -x + 44. Let d = 2888 + -2855. Calculate the greatest common factor of x and d.
11
Let n(w) = -13*w - 40. Let a be n(-5). Let b be 6/9 + 2001/9. Let z = b - 148. What is the greatest common factor of z and a?
25
Suppose -2*v - 148 = -3*v - 4*k, -3*k = 9. Calculate the highest common factor of v and 64.
32
Suppose -24 = -i + 25. Let d = i + -31. Let w(t) = t**2 + 27*t + 182. Let h be w(-11). What is the highest common divisor of d and h?
6
Let h = 471 - 288. Calculate the highest common divisor of 6 and h.
3
Suppose -5*j + 2 + 8 = 3*l, -5*l + 24 = j. Let n = 7 + j. Suppose 3*q + 3*g - 213 = 0, -2*q + 4*g = g - 117. What is the greatest common divisor of n and q?
6
Suppose -k + 6 = -4*k. Let c(v) = 4*v - 18. Let w be c(4). Let z be (-8 - k/w)*-1. What is the highest common divisor of z and 18?
9
Let o = -2045 - -817. Let p be o/(-22) - 24/(-132). Calculate the highest common factor of p and 7.
7
Let y = -12 + 14. Let b = -2 - -2. Suppose b = -y*w + w + 90. Calculate the highest common factor of w and 10.
10
Suppose -339*h - 248 = -341*h. Calculate the highest common factor of h and 1178.
62
Let l be (15/6)/(2/12). Suppose 7*k = -k - 8. Let v be 82 - k - (-12 + l). What is the highest common divisor of v and 16?
16
Let l = 360 + -262. What is the greatest common divisor of 42 and l?
14
Suppose -h + 40 + 8 = 0. Suppose -26*b = -21*b - 30. What is the greatest common divisor of h and b?
6
Let h(b) = 2*b**2 - 4*b + 10. Let j be h(0). Suppose r - 94 = -3*x - 0*r, 2*x + r - 64 = 0. Calculate the greatest common factor of x and j.
10
Let i(z) = z + 7. Let r be i(-5). Let b = 6 - r. Suppose -v - b*v - 2*u = -42, 32 = 4*v + 2*u. Calculate the greatest common factor of v and 25.
5
Suppose 1851*n = 1821*n + 15990. What is the greatest common factor of 13 and n?
13
Suppose 3*o + 3 = 2*o. Let g be (-2)/6*o + 63. Let s be 252/16 + 3/12. Calculate the greatest common divisor of s and g.
16
Let f(z) = -5*z - 14. Let s be f(-11). Suppose 1 = h - s. Calculate the greatest common factor of 28 and h.
14
Suppose 164 = -3*l + 11. Let u be l/(-12)*2*-2. Let w = 38 + u. What is the highest common factor of w and 42?
21
Let c(h) = -h**2 + 2*h + 99. Let q be c(0). What is the highest common divisor of 9 and q?
9
Let b(d) = -d**2 + 5*d + 7. Let k be b(6). Let o be (-1611)/(-27) + k/3. What is the highest common divisor of 24 and o?
12
Let l be (-157)/(-3) + 28/(-84). Calculate the greatest common divisor of l and 12.
4
Suppose -32*f + 10176 = 3520. Suppose 2*z - 21 - 31 = 0. What is the greatest common divisor of z and f?
26
Suppose 4*d - 45 - 143 = 0. Let x = -31 + d. What is the highest common factor of x and 80?
16
Let s(k) = k**2 + 4*k - 5*k - k + 115 + 41. Let y be s(0). Calculate the greatest common divisor of y and 52.
52
Let s = 4 - 4. Suppose -3*r + 3*z + s*z = -36, r = 4*z + 24. Suppose 0 = -3*c - 5*n + r, c - 38 = -2*c + n. Calculate the highest common factor of 121 and c.
11
Let t be ((-18)/4)/(5/(-210)). Suppose 3*b - 57 = -2*j, -10*b - 125 = -5*j - 14*b. Calculate the greatest common divisor of t and j.
21
Let w = 88 - 24. Suppose w = -3*l + 7*l. Let r = l + -12. What is the highest common factor of 4 and r?
4
Let m(f) = f + 4. Let k be m(4). Suppose 4*r = -2*x + 344, 0 = 3*r + 4*x - 234 - 14. Calculate the highest common factor of k and r.
8
Suppose -4*r + 2*v = -22, -5*v - 7 = -5*r + r. Suppose -r*i + 95 = -3*i. Let d = i - 11. What is the greatest common factor of 56 and d?
8
Suppose 2*b + 52 = 6*b - 4*a, 1 = b + 5*a. What is the highest common divisor of b and 121?
11
Let c(t) = t**2 - 14*t - 10. Let r be c(25). Calculate the highest common divisor of 5 and r.
5
Let x